2143
What is 2347 (base 12) in base 15?
127d
Convert -1908335 (base 11) to base 3.
-20002012120021
Convert 4165c1 (base 15) to base 13.
84b563
Convert 234333234 (base 6) to base 12.
158a21a
Convert bb198a (base 12) to base 3.
12120210211221
Convert -c99a8 (base 14) to base 12.
-1b6214
Convert -1a74b (base 12) to base 11.
-27400
What is -424344332 (base 5) in base 10?
-1793717
What is 3493860 (base 10) in base 4?
31110333210
What is -4302441213 (base 5) in base 2?
-100010011100110010011000
What is -455334 (base 6) in base 7?
-221050
Convert -1010101101011011101110 (base 2) to base 7.
-32602142
-cb72a1 (base 14) to base 5
-3231134310
1100110001010011010 (base 2) to base 14
ac6dc
What is -23254623 (base 7) in base 2?
-111110011110101100111
5ac41 (base 14) to base 2
110110001011101001
Convert -c03c17 (base 13) to base 6.
-235403215
-4a3624 (base 12) to base 14
-236724
182a8 (base 16) to base 7
561404
Convert -214220043 (base 5) to base 14.
-1a29b8
c177 (base 15) to base 2
1001111110000101
132220122 (base 4) to base 16
1ea1a
What is 1000000011010101110001000 (base 2) in base 12?
57a4460
44b61b (base 15) to base 8
14403245
12515102 (base 6) to base 16
6534e
What is -1432844 (base 9) in base 2?
-11000000101111011010
Convert 4004534 (base 7) to base 10.
472238
What is ce20c (base 15) in base 12?
277210
Convert b73b0b (base 13) to base 9.
8062317
Convert 42770a (base 13) to base 9.
2835323
Convert -10418 (base 15) to base 12.
-259b8
Convert 2102101122 (base 4) to base 2.
10010010010001011010
Convert -604124 (base 7) to base 5.
-11233111
-123d (base 14) to base 3
-11101012
-152202 (base 11) to base 2
-111001111001101010
Convert 6445540 (base 7) to base 8.
2774512
Convert 44a7954 (base 11) to base 14.
1094563
-146e9 (base 15) to base 2
-10000000010011110
What is 386740 (base 11) in base 14?
11bdd4
What is -2052226 (base 7) in base 10?
-248107
-292868 (base 10) to base 15
-5bb98
Convert -24003434 (base 5) to base 3.
-102010202011
509480 (base 16) to base 7
62613125
Convert 1000011101100111001011 (base 2) to base 7.
24566523
Convert 2122101112121 (base 3) to base 9.
2571477
Convert 321113212101 (base 4) to base 13.
316724a
Convert -100002110201101 (base 3) to base 6.
-251320314
Convert 313031230 (base 4) to base 9.
374204
-2e8df (base 16) to base 5
-22100222
What is 17625210 (base 8) in base 11?
2378204
What is -5323a0 (base 13) in base 14?
-389883
What is -663234 (base 10) in base 5?
-132210414
Convert 1712a7b (base 12) to base 9.
8844555
Convert adb68d (base 14) to base 2.
10110100010101010001101
1464564 (base 7) to base 3
101012122110
-9a7cc4 (base 14) to base 13
-1118c32
8240a (base 12) to base 11
106742
What is -11200122111010 (base 3) in base 13?
-693843
6b454 (base 16) to base 6
13230100
Convert -3223403 (base 5) to base 2.
-1101011001000101
10001111010111011111 (base 2) to base 4
2033113133
Convert 232b173 (base 13) to base 15.
e447ee
Convert 11112210011010 (base 3) to base 5.
1104313441
What is 2547a1 (base 14) in base 5?
311431332
What is -237011 (base 11) in base 8?
-1335072
What is -35426 (base 9) in base 11?
-16874
What is -264231 (base 9) in base 15?
-3289a
Convert -3729aa5 (base 11) to base 8.
-30571222
What is -23663362 (base 7) in base 12?
-8609b1
1030301240 (base 5) to base 12
89b552
-11100101001110 (base 2) to base 9
-22110
What is -55207 (base 15) in base 9?
-451887
What is -44511 (base 11) in base 3?
-10021111002
120010220012 (base 3) to base 7
2351024
Convert 447479 (base 11) to base 5.
140301110
What is 19c254 (base 16) in base 11?
a53370
Convert -10120122212220 (base 3) to base 5.
-441340411
Convert 11033341 (base 6) to base 10.
331261
426753 (base 8) to base 3
21020220220
-21432322 (base 6) to base 7
-5312636
What is -486b21 (base 12) in base 15?
-18292d
-642534 (base 9) to base 8
-1352740
Convert 1698b47 (base 12) to base 7.
54534262
-213113310 (base 4) to base 2
-100111010111110100
What is -2110341024 (base 5) in base 3?
-22020212212000
What is 388733 (base 10) in base 7?
3206222
What is 3242362 (base 8) in base 13?
245a89
Convert 110011101000111 (base 2) to base 7.
140040
What is 151219 (base 10) in base 16?
24eb3
-3849c (base 13) to base 8
-313200
201331312 (base 5) to base 13
223c05
-5041444 (base 8) to base 3
-2111110112210
What is 316028 (base 13) in base 12?
478948
Convert -689a (base 13) to base 10.
-14661
What is 785763 (base 9) in base 15?
94450
Convert -123545021 (base 6) to base 13.
-66b7a9
102022012 (base 3) to base 11
6211
Convert -1000010111111111100 (base 2) to base 5.
-32240203
Convert -542234 (base 8) to base 15.
-38b39
What is -21212212 (base 5) in base 10?
-179057
ac173 (base 13) to base 14
81b09
What is 51357 (base 9) in base 10?
33829
What is -4092973 (base 10) in base 11?
-2346125
Convert 133140133 (base 5) to base 14.
138cbd
Convert -117b11 (base 15) to base 12.
-343a44
What is -c0ca4 (base 14) in base 15?
-924e3
What is 121122001111 (base 3) in base 15?
66ee1
-8120539 (base 11) to base 14
-1c9c700
What is 161772 (base 15) in base 8?
4046226
-62f6e0 (base 16) to base 10
-6485728
What is 18953b (base 12) in base 2?
1101001001110111111
Convert 110320312 (base 4) to base 12.
4161a
1a7a6 (base 16) to base 11
74535
-33232 (base 13) to base 12
-45751
Convert -1152176 (base 8) to base 9.
-532183
What is -1636421 (base 7) in base 10?
-227963
What is 10241 (base 5) in base 11?
583
Convert -203123122021 (base 4) to base 14.
-133a82d
10121114 (base 5) to base 10
82659
12663201 (base 8) to base 2
1010110110011010000001
Convert 74033 (base 8) to base 9.
46153
What is 15c4cc (base 16) in base 9?
2613871
-201421015 (base 7) to base 11
-6685155
-10121202113 (base 4) to base 13
-314b6a
What is 1226375 (base 12) in base 7?
42025031
120101002022 (base 3) to base 14
7c3c1
Convert -7a2967 (base 11) to base 5.
-311340331
Convert -10111010100111110001 (base 2) to base 4.
-2322213301
What is -122600 (base 7) in base 9?
-33878
What is 4675564 (base 8) in base 12?
516a70
Convert 12700338 (base 9) to base 2.
10111111000001100010000
202010012112120 (base 3) to base 5
10214120112
-21195 (base 10) to base 8
-51313
What is 11030433 (base 5) in base 6?
2015131
3310303 (base 4) to base 7
63451
What is -2121220002122 (base 3) in base 10?
-1395377
Convert 92b9e (base 16) to base 8.
2225636
Convert 6046000 (base 8) to base 4.
12010300000
What is -13012321 (base 4) in base 15?
-895d
What is -4304001 (base 5) in base 10?
-72376
What is 32210 (base 6) in base 7?
15552
Convert -1011010011100001100001 (base 2) to base 5.
-1224313203
What is b239c (base 14) in base 8?
1505366
2111120021 (base 3) to base 12
24607
What is 22a0b2 (base 14) in base 6?
41143152
Convert -18983b (base 14) to base 12.
-3603a5
52801 (base 14) to base 4
300213201
12312133120 (base 4) to base 6
102255024
What is 16310 (base 12) in base 6?
402020
What is -1132322220 (base 4) in base 10?
-388776
Convert -10063276 (base 8) to base 5.
-1020422304
Convert -11334340 (base 5) to base 9.
-170757
What is -671b5 (base 12) in base 3?
-20221122102
What is 22210021210200 (base 3) in base 5?
2143424214
What is -21aa8 (base 14) in base 12?
-3b330
Convert -142222115 (base 6) to base 8.
-13066077
What is -b74e (base 16) in base 8?
-133516
-7985224 (base 10) to base 9
-16020601
What is -80ab06 (base 12) in base 6?
-111023210
What is -1ccdea (base 15) in base 4?
-11120113120
What is -1104115 (base 6) in base 7?
-320231
63133 (base 7) to base 2
11110010010100
What is 12b4c74 (base 13) in base 2?
10110011111000101001101
Convert -87644 (base 10) to base 13.
-30b7b
What is -3205162 (base 7) in base 11?
-245873
2342896 (base 13) to base 2
101001100010000110111010
Convert 3152101 (base 6) to base 12.
75631
What is -2132c4 (base 15) in base 11?
-98a1a6
What is 12021002112 (base 3) in base 5?
11303321
Convert 41004111 (base 7) to base 6.
201054030
What is 13342514 (base 6) in base 10?
449038
4021112 (base 6) to base 14
4d0a0
-101010001011001 (base 2) to base 6
-243545
Convert 25036642 (base 7) to base 16.
224134
Convert 12b906a (base 12) to base 14.
6d0534
-20234324 (base 7) to base 16
-19c760
10443412024 (base 5) to base 8
54505231
Convert -3234244 (base 5) to base 11.
-38832
-121302030 (base 4) to base 2
-11001110010001100
-1a1226 (base 11) to base 8
-1133506
What is 4654652 (base 11) in base 15